*m = -204. What is the remainder when m is divided by 11 + (-2 - -4)/2?
10
Suppose 3*l = 2*l - 45. Let h = l - -95. Calculate the remainder when h is divided by 17.
16
Let n(o) = o + 7. Let a(x) = x**2 + 8*x. Let f be a(-8). Let i = 20 - 8. What is the remainder when i is divided by n(f)?
5
Let j(i) = 2*i - 3. Let d be j(-5). Let q(s) = -s**2 - 13*s + 1. Let x be q(d). Suppose 2*m = 103 + x. What is the remainder when m is divided by 27?
25
Let m be 12/(-8) - 31/(-2). Suppose 0 = 4*k - 5*k + m. What is the remainder when 54 is divided by k?
12
Let i(s) = -6*s + 131. What is the remainder when 34 is divided by i(21)?
4
Let y = -3 - -5. Let g(w) = -5*w - 1. Let h(f) = -f. Let q(l) = 2*g(l) - 18*h(l). What is the remainder when 26 is divided by q(y)?
12
Let o = -124 + 180. What is the remainder when o is divided by 12?
8
Let k be 1 + 3 + (-2)/(-2). Suppose -k*i = -10, -3*s + 0*i + 14 = 4*i. What is the remainder when s is divided by 1?
0
Suppose -3*i = -c + 4 - 0, -4*c + 55 = i. Suppose -2 = -4*t + 22. Let x = t + -1. Calculate the remainder when c is divided by x.
3
Let c(p) = -11*p**3 - p**2 + 1. Let s be c(-1). Let w = -17 - -24. Calculate the remainder when s + (0 - 1) + 2 is divided by w.
5
Suppose 4*k - 263 - 153 = 0. Calculate the remainder when k is divided by 21.
20
Let w(j) = 6*j**2 - 2. Suppose -8*t + 6*t = -24. Calculate the remainder when w(2) is divided by t.
10
Let j be (-9)/6*(-8)/(-4). Suppose 4*b - 4*t - 24 = 0, 5*b - 3*t - 24 = 4. Calculate the remainder when b is divided by -2*1/j*3.
1
Let p = 10 + -14. Let x = 5 - p. Suppose 39 = 5*z + x. Calculate the remainder when 22 is divided by z.
4
Let z(m) = -2*m + 32. What is the remainder when 54 is divided by z(5)?
10
Let f = -6 + 13. What is the remainder when f is divided by 2?
1
What is the remainder when 13/2*18/3 is divided by 21?
18
Let s(w) = 14*w - 7. Calculate the remainder when s(2) is divided by 6.
3
Let y = -17 + 26. What is the remainder when 16 is divided by y?
7
Let d(g) = g**2 - 4*g + 2. What is the remainder when 89 is divided by d(7)?
20
Suppose -26 = -j - 2*z, -4*z = j - 3*z - 26. Let d = -9 + 16. Let f = d - 0. What is the remainder when j is divided by f?
5
Suppose 3*s + 5 = r - 16, 55 = 3*r - 5*s. What is the remainder when 42 is divided by r?
12
Suppose -5*h = -4*v + 87, 4*v + 3*h - 75 = 4*h. What is the remainder when 53 is divided by v?
17
Suppose 0 = -h - 2*x + 4 + 14, 24 = 2*h - 2*x. What is the remainder when h is divided by 9?
5
Let f(q) = -q**3 - 4*q**2 - q - 6. Calculate the remainder when f(-5) is divided by 9.
6
Suppose -2*l = 2*j - 8, -35 = -5*l + 2*j + 6. Calculate the remainder when (-1 - 3/6)*-8 is divided by l.
5
Let d be (-8)/(-20) - (-736)/10. Suppose -2*o + 3*j = 5*j - 48, d = 3*o + 4*j. What is the remainder when 64 is divided by o?
20
Let h = -11 - -22. Let x = 101 - 66. Suppose 5*v - 3*v - 5*f = -17, -5*v = 3*f - x. What is the remainder when h is divided by v?
3
Let z be (-2)/(-8) - (-151)/4. Let s = 57 - z. What is the remainder when 74 is divided by s?
17
Suppose -a + 10 + 11 = -4*k, 0 = -3*a - 3*k + 63. Let m(t) = 0*t**3 - 4*t + 4*t**2 + t**3 + t - 3. What is the remainder when a is divided by m(-2)?
10
Suppose -389 = -5*m + w, -3*w + 2 = -1. Calculate the remainder when ((-2)/6)/((-2)/m) is divided by 8.
5
Suppose 2*q - 160 = -3*q. Calculate the remainder when q is divided by 2 + (10 - 0) + -1.
10
Let l = 12 - 8. Suppose 0 = 5*j + l*d - 246, 148 = 3*j + 3*d - d. Calculate the remainder when j is divided by 13.
11
Suppose -2*z + 13 = 7. Let m(u) = -u**3 - u**2 + 8. Calculate the remainder when m(0) is divided by z.
2
Let r(d) = -3*d**3 - 5*d**2 + 2*d - 7. Suppose -4*p - 8 = -5*p. Calculate the remainder when r(-3) is divided by p.
7
Suppose h + 2*c + 124 = 3*h, 0 = -3*h + 4*c + 189. What is the remainder when h is divided by 12?
11
Let q = 154 - -19. Suppose 5*z + n = q, 2*z - n = -1 + 73. What is the remainder when z is divided by 12?
11
Let j(f) = f - 1. Let r be j(-4). Suppose 8 = -h + 4. Let q = h - r. What is the remainder when 1 is divided by q?
0
Calculate the remainder when (4 - -6) + -5 + 105 is divided by 28.
26
Let i = -14 - -43. Let n be 123/(9/3) - 1. Suppose 2*u - 5*v = 55, -u - u + n = -2*v. Calculate the remainder when i is divided by u.
14
Calculate the remainder when (1/(-2))/(5/(-240)) is divided by 9.
6
Let q(s) = 7*s - 3. Suppose 0 = -4*b - 2 + 22. Calculate the remainder when q(b) is divided by 11.
10
Let q(k) = k**2 + 6*k + 12. Let o = -3 - -55. Calculate the remainder when o is divided by q(-8).
24
Let g(o) = 2*o**2 + o - 15. Let i(d) = 3*d**2 + d - 22. Let a(c) = -7*g(c) + 5*i(c). What is the remainder when 27/4 - 1/(-4) is divided by a(4)?
1
Let h(c) = -c**3 + 9*c**2 + 11*c + 2. What is the remainder when 17 is divided by h(10)?
5
Suppose 4*s - 79 = 17. What is the remainder when s is divided by 13?
11
Suppose 8*z - 58 - 30 = 0. Let m = 2 - -4. Calculate the remainder when z is divided by m.
5
Let d = -57 - -88. Calculate the remainder when d is divided by 10 + -2*(-1)/2.
9
Let r = 39 + -10. Suppose f = -5*b + 66, -2*b = -f + 4*f - r. Suppose t - 19 = b. Calculate the remainder when t is divided by 11.
10
Let k(q) = 7*q - 11. What is the remainder when 61 is divided by k(6)?
30
Let y = -2 - -5. Suppose 3*i + 2*h = 4*h + 745, -y*i + 765 = 3*h. Suppose -87 = 4*u - i. What is the remainder when u is divided by 14?
13
Suppose -3*a + 24 = a. Suppose 5*n + 5*v = 50, a*v + 10 = n + 3*v. Suppose -2*c - 111 = -5*c. Calculate the remainder when c is divided by n.
7
Let s(l) = -l**3 + l**2 + 3*l - 1. Let f be s(2). Suppose 23 = -2*v + 27. Calculate the remainder when v is divided by -2 + f + 4/2.
0
Let t(n) = 7*n**2 - n - 3. What is the remainder when 44 is divided by t(2)?
21
Let n(q) = -6*q - 5. Calculate the remainder when 73 is divided by n(-4).
16
Let r(o) = 4*o. Let l(t) = t**2 - 5*t. Let h(u) = 2*l(u) + 3*r(u). What is the remainder when 13 is divided by h(-2)?
1
Suppose 114 = -2*c + 4*c. What is the remainder when 8 is divided by (-2)/(-8) - c/(-12)?
3
Suppose -10*c + 7*c = -99. Calculate the remainder when 112 is divided by c.
13
Suppose 0*v = v - 25. Suppose -3*w + 41 = -4*x - 3, v = -5*x. Let g = 14 - w. Calculate the remainder when 17 is divided by g.
5
What is the remainder when (2 + -4)/((-12)/582) is divided by 20?
17
Suppose -4*r + 27 = x + r, 0 = -5*x - 4*r + 51. Let b(j) = -j**3 + j**2 - j + 19. Let y = 0 + 0. Calculate the remainder when b(y) is divided by x.
5
Suppose 3*b + 25 = u, -u = 4*u + 3*b - 107. Calculate the remainder when 173 is divided by u.
19
Suppose -3*c + 3 - 60 = 0. Let a = c - -31. What is the remainder when a is divided by 7?
5
Let j = 64 + -22. Let h = 37 - 22. What is the remainder when j is divided by h?
12
Calculate the remainder when 24 is divided by 50/7 - (12/(-14) + 1).
3
Suppose -1136 = -4*p + 4*r, 5*p = 7*r - 10*r + 1436. Calculate the remainder when p is divided by 48.
46
Suppose 0 = 9*d - 3*d - 48. Let r(c) = -1. Let o(a) = a - 4. Let l(j) = -2*o(j) + 6*r(j). What is the remainder when l(-6) is divided by d?
6
Let i(q) = -5*q + 75. Let k = -52 - -78. What is the remainder when k is divided by i(13)?
6
Let p = -40 + 25. Let b = 0 + p. Calculate the remainder when 26 is divided by (-144)/(-10) + 6/b.
12
Suppose 0 = -5*q + n + 16, 4*q - 5*n - 14 = q. What is the remainder when q is divided by 36/21 + 2/7?
1
Let t = -40 + 48. Calculate the remainder when 22 is divided by t.
6
Suppose 7 = 2*n + 23. Let b = n + 24. What is the remainder when (-230)/(-25)*1*5 is divided by b?
14
What is the remainder when 17 is divided by ((-1)/(-2))/(14/280)?
7
Let c(d) = d**2 - 7*d - 3. Let h be c(7). What is the remainder when 22 is divided by 0/h - (-16)/2?
6
Let o = 30 + -20. Suppose 11*r - 6*r = 0. Suppose r = 5*l, -2*b - 8 = -4*b + l. Calculate the remainder when o is divided by b.
2
Suppose 4*y - 117 = -21. Calculate the remainder when 90 is divided by y.
18
Suppose -6*p = -2*p + x - 43, 0 = -2*p + 3*x + 39. Let h be 118/3*(-3)/(-2). Suppose 3*g = 43 + h. What is the remainder when g is divided by p?
10
Suppose -7 = -2*w - 3. Calculate the remainder when 7 is divided by w.
1
Suppose -3*a + 6 = 3*z, -2*z - 4 = 3*a - 6. Calculate the remainder when (-33)/a*(-20)/(-6) is divided by 19